Suppose -7*s - t = -3639. What is the units digit of s?
1
Suppose -5*u - 14 = 6. Let d(x) = -x - 6. Let o be d(u). What is the tens digit of 0 + o + (-252)/(-3)?
8
Let w = -63 + 29. Let g = -22 - w. What is the tens digit of 25 - 8/g*-6?
2
Let n = -41 + 38. Let h(z) = -4*z**3 + z**2 - 9*z - 1. Let x be h(n). Suppose x = c + 21. What is the tens digit of c?
2
Let b(d) = -4*d - 4 + 3*d - 2*d**2 + 3*d**2 - 8*d. Let s be b(8). What is the units digit of (-3)/18 + (-782)/s?
5
Let y be (13 + -58)/(9/(-480)). Suppose 11768 = 8*z - y. What is the units digit of z?
1
Suppose 2*b + 562 = 5*s - 10*s, 0 = -5*s - b - 561. Let m be 1/(1 - 2) + 40. What is the tens digit of (s/12)/((-2)/m)?
8
Let w be 56/(-21)*(4 + -1). Suppose -a + 5*r = -28, -4*a + 4*r + 210 = 66. Let f = a - w. What is the units digit of f?
6
Suppose 116 = 9*w + 26. Suppose w*t - 1330 - 4600 = 0. What is the units digit of t?
3
Let i be (1 - 2)*(-360 - 1). Let o(j) = -j**3 - 2*j - 12. Let t be o(6). Let q = i + t. What is the tens digit of q?
2
What is the ten thousands digit of -10 - ((-2)/(-10) - 2011014/45)?
4
What is the tens digit of (-2)/(-3)*(-1269747)/(-86)?
4
Let a(s) = -10133*s + 1011. What is the tens digit of a(-7)?
4
Suppose -2*f = -14 - 4. Suppose -3*z = -3*l + 39, 4*l + 2*z = f*l - 50. Suppose 44 = l*y - 220. What is the tens digit of y?
3
Suppose 135*i - 130*i = -5*d + 25545, 5*i - 25551 = d. What is the thousands digit of i?
5
Let a be 2/(-4) + (-30)/(-4). Let b = 32593 + -32593. Suppose b*o - a*o + 1400 = 0. What is the units digit of o?
0
Let j(m) = m**3 + 157*m**2 + 594*m + 211. What is the hundreds digit of j(-152)?
4
Suppose 70*s - 435313 = -61*s. What is the hundreds digit of s?
3
Suppose 15*x - 13519 - 125566 = -10055. What is the tens digit of x?
0
Suppose -216359 = -5*w + 3*o, 4*w - 33*o = -31*o + 173088. What is the thousands digit of w?
3
Let r(b) = b**2 + b + 107. Let i be r(0). Suppose 11608 - 1088 = 50*c + 170. Let s = c - i. What is the hundreds digit of s?
1
Let r(s) = s**2 + 11*s + 24. Let o be r(-3). Let z(n) = -n**3 - 4*n + 378. What is the hundreds digit of z(o)?
3
What is the hundreds digit of 2/3 + 34/1224*1593732?
2
Let d be (132/16)/((-2)/(-40)). Suppose 4805 - d = 8*g. What is the hundreds digit of g?
5
Let d = 116 - 130. What is the tens digit of (-890)/d - (48/(-14) + 4)?
6
Let i be ((-5982)/30)/((-2)/10*1). Let m = i - 600. What is the hundreds digit of m?
3
What is the hundreds digit of (-365)/2*((-1672)/19 - -24)?
6
Suppose 9*l - 40 = 5*l. Suppose v - 3*s - 2 = 0, 0*s = 5*v + 2*s - l. What is the tens digit of ((v - 3) + 33)*4?
2
Suppose 2*w - 3*w - 5 = 2*g, -g + 2*w + 10 = 0. Suppose -6*i + 494 + 430 = g. Suppose 0 = 3*c + c + 4*a - 260, 4*a = 2*c - i. What is the tens digit of c?
6
Suppose -32*d + 304064 = -325728. What is the hundreds digit of d?
6
Let j(l) = -7*l**3 - 39*l**2 - 68*l + 65. Let s(h) = -6*h**3 - 39*h**2 - 68*h + 66. Let a(q) = 5*j(q) - 6*s(q). What is the hundreds digit of a(-37)?
1
Let q(h) be the first derivative of 2*h**3/3 - 6*h**2 - 3*h + 28. Suppose 20 = -4*i + 64. What is the hundreds digit of q(i)?
1
Suppose 381*s = 363*s + 100008. What is the tens digit of s?
5
Let m be (-2 - -3)*(43 - -1). Suppose w + 50 = 11*w. Suppose -5*b + 87 + m = 4*x, 49 = 2*b + w*x. What is the tens digit of b?
2
Suppose 3*n - 143 + 131 = 0. Suppose -25 = -n*f - 37, -4*f + 1427 = x. What is the hundreds digit of x?
4
Suppose 0 = 11*z - 4*z + 7. What is the tens digit of z/(-2) + -1318*(-6)/24?
3
Let i = 2194 + 2295. What is the thousands digit of i?
4
Let l = 113 - 103. Suppose -l*p - 4*p + 7686 = 0. What is the units digit of p?
9
Suppose 4*h + 4249 + 3444 = 3*n, 5*n - 2*h = 12845. Suppose 3*q + 0*q - 527 = -u, -5*u + q = -n. What is the units digit of u?
5
Let d(a) = 70*a**2 - 61*a + 639. What is the units digit of d(10)?
9
What is the hundreds digit of ((-768)/15 - -6)/((-6)/1065)?
0
Suppose 3 = 4*b - 3*y - 16, -4*y - 12 = -2*b. Suppose o - b*j = 945, 5*j + 947 = 16*o - 15*o. What is the units digit of o?
7
Let d(f) = 2*f - 4. Let q(k) = 281*k - 430. Let j(p) = -4*d(p) + q(p). What is the thousands digit of j(6)?
1
Let o = 404 - 398. What is the hundreds digit of (-25)/30 - (-1409)/o?
2
Suppose 0 = 5*u - 67*d + 62*d - 178465, -3*u + d + 107065 = 0. What is the thousands digit of u?
5
Let o = 452 - 398. Suppose 0 = -o*h + 63*h - 1179. What is the units digit of h?
1
Let z(u) = -u**2 + u + 5. Let y be z(0). Suppose -y*l = -2*x - x - 389, -5*l + 5*x + 385 = 0. Suppose -2*n + l = -107. What is the units digit of n?
3
Suppose -26 = -2*r - 4*q, -2*r + 5*r - 49 = -q. Suppose 5*f - 5*t = 1175, 19*f + t - 470 = r*f. What is the tens digit of f?
3
Suppose -231557 + 9581 = -36*c. What is the tens digit of c?
6
Suppose -5*w - 2*f = -75634, 15 = -4*f + 23. What is the ten thousands digit of w?
1
What is the hundreds digit of (-13 + 14)/((-14)/(-65632))?
6
Let f(h) = 331*h + 29. What is the units digit of f(4)?
3
Let v(h) = -373*h + 3. Suppose 5*x + 6 = 3*x. What is the hundreds digit of v(x)?
1
Let h = 2623 - -1824. Suppose 10*t + 217 - h = 0. What is the hundreds digit of t?
4
Suppose 0 = -5*j - 5*n + 1075, 24*n - 27*n - 15 = 0. Let m = 897 - j. What is the tens digit of m?
7
Let q = -20 + 13. Let m be (12/10)/(q/(-35)). What is the units digit of 218/m - 2/(-3)?
7
Let h = 4838 - 3488. What is the units digit of h?
0
What is the hundreds digit of (-17)/(17/(-458))*(606/(-4))/(-3)?
1
Let h be 338 + (-4 - -2)*(1 - 3). Let u = 110 + h. What is the units digit of u?
2
Suppose 131*r - 2130766 = 108*r. What is the thousands digit of r?
2
Let z be 19/3 + (-12)/9. Let r(m) = 2*m**2 - 6*m. Let w be r(z). What is the units digit of (14/(-8))/(w/(-1520))?
3
Let a = -798 - -334. Let i = 709 + a. What is the units digit of i?
5
Let t(f) = -617*f + 79. Let v be t(-19). What is the units digit of (v/(-8))/(-3) + 5/20?
2
Let l = 1541 + -1070. Let o be (-180)/(3 - 8)*-9. Let g = o + l. What is the hundreds digit of g?
1
Suppose -3*i = 9 - 36. Suppose -1695 = -i*p + 168. What is the tens digit of p?
0
Let k(p) = -4*p - 37. Let c be k(-7). Let o be c/45 - 18/10. What is the tens digit of (o/(30/(-35)))/(1/45)?
0
Suppose 3*u = -i + 30649, 37*u - 153371 = -5*i + 40*u. What is the hundreds digit of i?
6
Suppose -25 = 10*h - 75. Suppose 8 = 4*t, 206 + 84 = 5*u - h*t. What is the tens digit of u?
6
Suppose -555*b + 158598 = -533*b. What is the tens digit of b?
0
Let p(y) = 43 - 4 - y - 18. Let o be p(19). What is the units digit of ((-6)/12)/(o/(-240))?
0
Let k = 19 + -45. Let m be k/(-6) + (-3)/(-18)*-2. Suppose m*y - 503 - 305 = 0. What is the hundreds digit of y?
2
Suppose -o + 1405 = -6*o + 2*t, 2*t - 281 = o. Let f = -161 - o. What is the hundreds digit of f?
1
What is the hundreds digit of (((-600)/(-45))/((-8)/(-1356)))/2?
1
Let h(v) = -66*v**3 - 6*v**2 - 10*v - 50. What is the thousands digit of h(-5)?
8
Let m(p) = -1628*p + 9408. What is the units digit of m(-30)?
8
What is the thousands digit of (-66)/(-36) + (-9)/(-54) - -82998?
3
Suppose 38*v - 420705 = -23360 + 176417. What is the tens digit of v?
9
Let q(p) = p**2 - 4*p - 23. Let c be q(7). Let i be ((c - -2)*(-6)/(-12))/1. Suppose i = -12*w + 1317 + 459. What is the units digit of w?
8
Let a(k) = 4*k + 134. Let g be a(-33). Suppose -2*d + 529 = -d - 2*t, g*t = -10. What is the units digit of d?
9
Let v(d) = -d**3 - 11*d**2 + 4*d - 8. Let w be (-3)/(-18) - (-1)/(-6). Suppose -b - b - 24 = w. What is the units digit of v(b)?
8
Suppose -2*s = -12 - 46. Let h = -20 + s. Let j = h + 17. What is the units digit of j?
6
What is the hundreds digit of 4798 + 2 + (-66)/(-15) + 22/(-55)?
8
Suppose -5*l + 7 = -l - v, -11 = -2*l - v. Suppose -2*k = l*u - 409, 556 = 3*k + 4*u - 60. What is the tens digit of k?
1
Suppose -3673 - 95624 = -11*v. What is the thousands digit of v?
9
Let r(w) = w - 47. Let p be r(-22). Let g = p - -72. Suppose 413 = g*j - 184. What is the tens digit of j?
9
Let f = 232 + -103. Suppose -4*i + 491 = -c - 20, i = -c + f. What is the tens digit of i?
2
Suppose -6*j + j - 5630 = -2*r, -r - 3*j + 2837 = 0. Suppose -1049 = 4*p - r. Suppose -50*c + p = -46*c. What is the hundreds digit of c?
1
Let x be (-4)/(-8)*(-18 + 0). What is the tens digit of (0 - (8 - x/(-3))) + 235?
3
Let z = -771 + 3218. S